{"id":335,"date":"2022-07-25T06:19:37","date_gmt":"2022-07-25T06:19:37","guid":{"rendered":"https:\/\/www.taverna.sk\/?page_id=335"},"modified":"2026-01-12T12:06:42","modified_gmt":"2026-01-12T12:06:42","slug":"vycap","status":"publish","type":"page","link":"https:\/\/www.taverna.sk\/?page_id=335","title":{"rendered":"Piv\u00e1rska Taverna"},"content":{"rendered":"<style>\/*! elementor - v3.6.8 - 27-07-2022 *\/\n.elementor-heading-title{padding:0;margin:0;line-height:1}.elementor-widget-heading .elementor-heading-title[class*=elementor-size-]>a{color:inherit;font-size:inherit;line-height:inherit}.elementor-widget-heading .elementor-heading-title.elementor-size-small{font-size:15px}.elementor-widget-heading .elementor-heading-title.elementor-size-medium{font-size:19px}.elementor-widget-heading .elementor-heading-title.elementor-size-large{font-size:29px}.elementor-widget-heading .elementor-heading-title.elementor-size-xl{font-size:39px}.elementor-widget-heading .elementor-heading-title.elementor-size-xxl{font-size:59px}<\/style>\n<h1>Piv\u00e1rska Taverna<\/h1>\n<p>Pre v\u0161etk\u00fdch milovn\u00edkov piva. Pres\u0165ahovan\u00e1 Piv\u00e1re\u0148 Bel\u00e1ria.&nbsp;<\/p>\n<p><\/p>\n<p>Vychutnajte si Va\u0161e ob\u013e\u00faben\u00e9 \u010dapovan\u00e9 v priestoroch n\u00e1\u0161ho pohostinstva. Pon\u00fakame \u010dapovan\u00e9 pivo a kofolu, a \u010fal\u0161ie alkoholick\u00e9 a nealkoholick\u00e9 n\u00e1poje.&nbsp;<\/p>\n<p>&nbsp;<\/p>\n<p><b>REZERV\u00c1CIE : 0918 093 666 alebo na e-mail:&nbsp;<\/b><b style=\"font-size: inherit;\">jusasro@outlook.com<\/b><\/p>\n<p><b style=\"font-size: inherit;\"><br \/><\/b><\/p>\n<p>Na zdravie!&nbsp;<\/p>\n<style>\/*! elementor - v3.6.8 - 27-07-2022 *\/\n.elementor-widget-image-carousel .swiper-container{position:static}.elementor-widget-image-carousel .swiper-container .swiper-slide figure{line-height:inherit}.elementor-widget-image-carousel .swiper-slide{text-align:center}.elementor-image-carousel-wrapper:not(.swiper-container-initialized) .swiper-slide{max-width:calc(100% \/ var(--e-image-carousel-slides-to-show, 3))}<\/style>\n<p>\t\t\t\t\t\t\t\t<a data-elementor-open-lightbox=\"yes\" data-elementor-lightbox-slideshow=\"310e5819\" data-elementor-lightbox-title=\"IMG_6660-HDR\" e-action-hash=\"#elementor-action%3Aaction%3Dlightbox%26settings%3DeyJpZCI6MTI1NSwidXJsIjoiaHR0cHM6XC9cL3d3dy50YXZlcm5hLnNrXC93cC1jb250ZW50XC91cGxvYWRzXC8yMDIyXC8wOFwvSU1HXzY2NjAtSERSLTEuanBnIiwic2xpZGVzaG93IjoiMzEwZTU4MTkifQ%3D%3D\" href=\"https:\/\/www.taverna.sk\/wp-content\/uploads\/2022\/08\/IMG_6660-HDR-1.jpg\"><\/p>\n<figure><img decoding=\"async\" src=\"https:\/\/www.taverna.sk\/wp-content\/uploads\/2022\/08\/IMG_6660-HDR-1-768x512.jpg\" alt=\"IMG_6660-HDR\" \/><\/figure>\n<p><\/a><a data-elementor-open-lightbox=\"yes\" data-elementor-lightbox-slideshow=\"310e5819\" data-elementor-lightbox-title=\"close-up-bartender-pouring-beer_171337-13762\" e-action-hash=\"#elementor-action%3Aaction%3Dlightbox%26settings%3DeyJpZCI6NzA0LCJ1cmwiOiJodHRwczpcL1wvd3d3LnRhdmVybmEuc2tcL3dwLWNvbnRlbnRcL3VwbG9hZHNcLzIwMjJcLzA4XC9jbG9zZS11cC1iYXJ0ZW5kZXItcG91cmluZy1iZWVyXzE3MTMzNy0xMzc2Mi5qcGVnIiwic2xpZGVzaG93IjoiMzEwZTU4MTkifQ%3D%3D\" href=\"https:\/\/www.taverna.sk\/wp-content\/uploads\/2022\/08\/close-up-bartender-pouring-beer_171337-13762.jpeg\"><\/p>\n<figure><img decoding=\"async\" src=\"https:\/\/www.taverna.sk\/wp-content\/uploads\/2022\/08\/close-up-bartender-pouring-beer_171337-13762-768x512.jpeg\" alt=\"V\u00fd\u010dap\" \/><\/figure>\n<p><\/a><a data-elementor-open-lightbox=\"yes\" data-elementor-lightbox-slideshow=\"310e5819\" data-elementor-lightbox-title=\"glass-bottles-beer-with-glass-ice-dark-background_1150-8901\" e-action-hash=\"#elementor-action%3Aaction%3Dlightbox%26settings%3DeyJpZCI6NzA1LCJ1cmwiOiJodHRwczpcL1wvd3d3LnRhdmVybmEuc2tcL3dwLWNvbnRlbnRcL3VwbG9hZHNcLzIwMjJcLzA4XC9nbGFzcy1ib3R0bGVzLWJlZXItd2l0aC1nbGFzcy1pY2UtZGFyay1iYWNrZ3JvdW5kXzExNTAtODkwMS5qcGVnIiwic2xpZGVzaG93IjoiMzEwZTU4MTkifQ%3D%3D\" href=\"https:\/\/www.taverna.sk\/wp-content\/uploads\/2022\/08\/glass-bottles-beer-with-glass-ice-dark-background_1150-8901.jpeg\"><\/p>\n<figure><img decoding=\"async\" src=\"https:\/\/www.taverna.sk\/wp-content\/uploads\/2022\/08\/glass-bottles-beer-with-glass-ice-dark-background_1150-8901-768x512.jpeg\" alt=\"V\u00fd\u010dap\" \/><\/figure>\n<p><\/a><a data-elementor-open-lightbox=\"yes\" data-elementor-lightbox-slideshow=\"310e5819\" data-elementor-lightbox-title=\"young-friends-sitting-cafe-while-drinking-alcohol_171337-19774\" e-action-hash=\"#elementor-action%3Aaction%3Dlightbox%26settings%3DeyJpZCI6NzA2LCJ1cmwiOiJodHRwczpcL1wvd3d3LnRhdmVybmEuc2tcL3dwLWNvbnRlbnRcL3VwbG9hZHNcLzIwMjJcLzA4XC95b3VuZy1mcmllbmRzLXNpdHRpbmctY2FmZS13aGlsZS1kcmlua2luZy1hbGNvaG9sXzE3MTMzNy0xOTc3NC5qcGVnIiwic2xpZGVzaG93IjoiMzEwZTU4MTkifQ%3D%3D\" href=\"https:\/\/www.taverna.sk\/wp-content\/uploads\/2022\/08\/young-friends-sitting-cafe-while-drinking-alcohol_171337-19774.jpeg\"><\/p>\n<figure><img decoding=\"async\" src=\"https:\/\/www.taverna.sk\/wp-content\/uploads\/2022\/08\/young-friends-sitting-cafe-while-drinking-alcohol_171337-19774-768x512.jpeg\" alt=\"V\u00fd\u010dap\" \/><\/figure>\n<p><\/a><br \/>\n\t\t\t\t\t\t\t\t\t\t\t\tEl\u0151z\u0151<br \/>\n\t\t\t\t\t\t\t\t\t\t\t\tK\u00f6vetkez\u0151<\/p>\n<style>\/*! elementor - v3.6.8 - 27-07-2022 *\/\n.e-container.e-container--row .elementor-spacer-inner{width:var(--spacer-size)}.e-container.e-container--column .elementor-spacer-inner,.elementor-column .elementor-spacer-inner{height:var(--spacer-size)}<\/style>\n<h4>Otv\u00e1racia doba<\/h4>\n<p style=\"text-align: center;\"><strong><u>Piv\u00e1rska Taverna<\/u><\/strong><\/p>\n<p style=\"text-align: center;\"><strong>\u00a0<\/strong><\/p>\n<p style=\"text-align: center;\"><strong>Nede\u013ea &#8211; \u0160tvrtok<\/strong><\/p>\n<p style=\"text-align: center;\">16:00 &#8211; 22:00<\/p>\n<p style=\"text-align: center;\"><strong>Piatok &#8211; Sobota<\/strong><\/p>\n<p style=\"text-align: center;\">16:00 &#8211; 01:00<\/p>\n<p style=\"text-align: center;\">\n<p>\t\t\t\t\t\t\t\t<a data-elementor-open-lightbox=\"yes\" data-elementor-lightbox-slideshow=\"7ba397f\" data-elementor-lightbox-title=\"high-angle-glasses-beer-with-foam_23-2148755012\" e-action-hash=\"#elementor-action%3Aaction%3Dlightbox%26settings%3DeyJpZCI6NzExLCJ1cmwiOiJodHRwczpcL1wvd3d3LnRhdmVybmEuc2tcL3dwLWNvbnRlbnRcL3VwbG9hZHNcLzIwMjJcLzA4XC9oaWdoLWFuZ2xlLWdsYXNzZXMtYmVlci13aXRoLWZvYW1fMjMtMjE0ODc1NTAxMi5qcGciLCJzbGlkZXNob3ciOiI3YmEzOTdmIn0%3D\" href=\"https:\/\/www.taverna.sk\/wp-content\/uploads\/2022\/08\/high-angle-glasses-beer-with-foam_23-2148755012.jpg\"><\/p>\n<figure><img decoding=\"async\" src=\"https:\/\/www.taverna.sk\/wp-content\/uploads\/2022\/08\/high-angle-glasses-beer-with-foam_23-2148755012.jpg\" alt=\"V\u00fd\u010dap\" \/><\/figure>\n<p><\/a><a data-elementor-open-lightbox=\"yes\" data-elementor-lightbox-slideshow=\"7ba397f\" data-elementor-lightbox-title=\"close-up-glass-bottles-beer-with-ice-dark-background_1150-8902\" e-action-hash=\"#elementor-action%3Aaction%3Dlightbox%26settings%3DeyJpZCI6NzEwLCJ1cmwiOiJodHRwczpcL1wvd3d3LnRhdmVybmEuc2tcL3dwLWNvbnRlbnRcL3VwbG9hZHNcLzIwMjJcLzA4XC9jbG9zZS11cC1nbGFzcy1ib3R0bGVzLWJlZXItd2l0aC1pY2UtZGFyay1iYWNrZ3JvdW5kXzExNTAtODkwMi5qcGciLCJzbGlkZXNob3ciOiI3YmEzOTdmIn0%3D\" href=\"https:\/\/www.taverna.sk\/wp-content\/uploads\/2022\/08\/close-up-glass-bottles-beer-with-ice-dark-background_1150-8902.jpg\"><\/p>\n<figure><img decoding=\"async\" src=\"https:\/\/www.taverna.sk\/wp-content\/uploads\/2022\/08\/close-up-glass-bottles-beer-with-ice-dark-background_1150-8902.jpg\" alt=\"V\u00fd\u010dap\" \/><\/figure>\n<p><\/a><a data-elementor-open-lightbox=\"yes\" data-elementor-lightbox-slideshow=\"7ba397f\" data-elementor-lightbox-title=\"international-beer-day-background_107389-1982\" e-action-hash=\"#elementor-action%3Aaction%3Dlightbox%26settings%3DeyJpZCI6NzEyLCJ1cmwiOiJodHRwczpcL1wvd3d3LnRhdmVybmEuc2tcL3dwLWNvbnRlbnRcL3VwbG9hZHNcLzIwMjJcLzA4XC9pbnRlcm5hdGlvbmFsLWJlZXItZGF5LWJhY2tncm91bmRfMTA3Mzg5LTE5ODIuanBnIiwic2xpZGVzaG93IjoiN2JhMzk3ZiJ9\" href=\"https:\/\/www.taverna.sk\/wp-content\/uploads\/2022\/08\/international-beer-day-background_107389-1982.jpg\"><\/p>\n<figure><img decoding=\"async\" src=\"https:\/\/www.taverna.sk\/wp-content\/uploads\/2022\/08\/international-beer-day-background_107389-1982.jpg\" alt=\"V\u00fd\u010dap\" \/><\/figure>\n<p><\/a><br \/>\n\t\t\t\t\t\t\t\t\t\t\t\tEl\u0151z\u0151<br \/>\n\t\t\t\t\t\t\t\t\t\t\t\tK\u00f6vetkez\u0151<\/p>\n<h2>Kontakt<\/h2>\n<h5>Adresa<\/h5>\n<p><strong>Hodsk\u00e1 1596\/50<\/strong><\/p>\n<p>924 01 Galanta<\/p>\n<h5>Rezerv\u00e1cie a Oslavy<\/h5>\n<p><strong>Tel. \u010d\u00edslo:<\/strong> <a href=\"tel: 0903 905 000\">+421 903 905 000<\/a><\/p>\n<p><strong>E-mail:<\/strong> <a href=\"mailto:taverna@taverna.sk\">taverna@taverna.sk<\/a><\/p>\n","protected":false},"excerpt":{"rendered":"<p>Piv\u00e1rska Taverna Pre v\u0161etk\u00fdch milovn\u00edkov piva. Pres\u0165ahovan\u00e1 Piv\u00e1re\u0148 Bel\u00e1ria.&nbsp; Vychutnajte si Va\u0161e ob\u013e\u00faben\u00e9 \u010dapovan\u00e9 v priestoroch n\u00e1\u0161ho pohostinstva. Pon\u00fakame \u010dapovan\u00e9 pivo a kofolu, a \u010fal\u0161ie alkoholick\u00e9 a nealkoholick\u00e9 n\u00e1poje.&nbsp; &nbsp; REZERV\u00c1CIE : 0918 093 666 alebo na e-mail:&nbsp;jusasro@outlook.com Na zdravie!&nbsp; El\u0151z\u0151 K\u00f6vetkez\u0151 Otv\u00e1racia doba Piv\u00e1rska Taverna \u00a0 Nede\u013ea &#8211; \u0160tvrtok [&hellip;]<\/p>\n","protected":false},"author":1,"featured_media":0,"parent":0,"menu_order":0,"comment_status":"closed","ping_status":"closed","template":"elementor_header_footer","meta":{"footnotes":""},"class_list":["post-335","page","type-page","status-publish","hentry"],"aioseo_notices":[],"_links":{"self":[{"href":"https:\/\/www.taverna.sk\/index.php?rest_route=\/wp\/v2\/pages\/335","targetHints":{"allow":["GET"]}}],"collection":[{"href":"https:\/\/www.taverna.sk\/index.php?rest_route=\/wp\/v2\/pages"}],"about":[{"href":"https:\/\/www.taverna.sk\/index.php?rest_route=\/wp\/v2\/types\/page"}],"author":[{"embeddable":true,"href":"https:\/\/www.taverna.sk\/index.php?rest_route=\/wp\/v2\/users\/1"}],"replies":[{"embeddable":true,"href":"https:\/\/www.taverna.sk\/index.php?rest_route=%2Fwp%2Fv2%2Fcomments&post=335"}],"version-history":[{"count":16,"href":"https:\/\/www.taverna.sk\/index.php?rest_route=\/wp\/v2\/pages\/335\/revisions"}],"predecessor-version":[{"id":2593,"href":"https:\/\/www.taverna.sk\/index.php?rest_route=\/wp\/v2\/pages\/335\/revisions\/2593"}],"wp:attachment":[{"href":"https:\/\/www.taverna.sk\/index.php?rest_route=%2Fwp%2Fv2%2Fmedia&parent=335"}],"curies":[{"name":"wp","href":"https:\/\/api.w.org\/{rel}","templated":true}]}}